s divided by 4076?
331
What is the remainder when 14066 is divided by 3515?
6
Calculate the remainder when 3783 is divided by 1250.
33
Calculate the remainder when 16497 is divided by 60.
57
Calculate the remainder when 4945 is divided by 78.
31
What is the remainder when 11469 is divided by 359?
340
What is the remainder when 117079 is divided by 38992?
103
What is the remainder when 2737 is divided by 563?
485
Calculate the remainder when 5156 is divided by 42.
32
Calculate the remainder when 87295 is divided by 64.
63
Calculate the remainder when 7880364 is divided by 187.
184
What is the remainder when 13994 is divided by 86?
62
What is the remainder when 26230 is divided by 45?
40
What is the remainder when 85799 is divided by 200?
199
Calculate the remainder when 246653 is divided by 1426.
1381
Calculate the remainder when 82507 is divided by 108.
103
Calculate the remainder when 49405 is divided by 100.
5
Calculate the remainder when 149167 is divided by 552.
127
What is the remainder when 25510 is divided by 6330?
190
Calculate the remainder when 1123 is divided by 896.
227
Calculate the remainder when 5550 is divided by 2765.
20
What is the remainder when 962 is divided by 346?
270
What is the remainder when 116538 is divided by 322?
296
What is the remainder when 529656 is divided by 37832?
8
What is the remainder when 963 is divided by 25?
13
What is the remainder when 25231 is divided by 341?
338
What is the remainder when 137687 is divided by 9834?
11
What is the remainder when 874 is divided by 264?
82
What is the remainder when 13753 is divided by 1823?
992
Calculate the remainder when 10425 is divided by 66.
63
What is the remainder when 140031 is divided by 27?
9
What is the remainder when 16541 is divided by 188?
185
What is the remainder when 37253 is divided by 37242?
11
What is the remainder when 286736 is divided by 16865?
31
Calculate the remainder when 1550 is divided by 79.
49
What is the remainder when 434562 is divided by 27?
24
What is the remainder when 224961 is divided by 44992?
1
What is the remainder when 18642 is divided by 86?
66
Calculate the remainder when 8594 is divided by 196.
166
Calculate the remainder when 89409 is divided by 9932.
21
Calculate the remainder when 19238 is divided by 6371.
125
Calculate the remainder when 16096 is divided by 893.
22
Calculate the remainder when 203420 is divided by 67805.
5
Calculate the remainder when 1809 is divided by 1622.
187
What is the remainder when 920482 is divided by 306805?
67
Calculate the remainder when 9952 is divided by 711.
709
Calculate the remainder when 502516 is divided by 54.
46
Calculate the remainder when 2222 is divided by 1086.
50
Calculate the remainder when 498436 is divided by 68.
64
What is the remainder when 14422 is divided by 7114?
194
What is the remainder when 3376 is divided by 1000?
376
Calculate the remainder when 20201 is divided by 1069.
959
Calculate the remainder when 3813 is divided by 1204.
201
Calculate the remainder when 292268 is divided by 55.
53
Calculate the remainder when 2495 is divided by 608.
63
Calculate the remainder when 9537 is divided by 175.
87
Calculate the remainder when 9881 is divided by 127.
102
What is the remainder when 7268 is divided by 112?
100
Calculate the remainder when 12591 is divided by 106.
83
What is the remainder when 3562 is divided by 162?
160
Calculate the remainder when 3613 is divided by 51.
43
What is the remainder when 65683 is divided by 382?
361
Calculate the remainder when 3213 is divided by 87.
81
Calculate the remainder when 1388 is divided by 32.
12
What is the remainder when 2446 is divided by 8?
6
Calculate the remainder when 40199 is divided by 102.
11
Calculate the remainder when 1790 is divided by 547.
149
Calculate the remainder when 19956 is divided by 83.
36
What is the remainder when 2550415 is divided by 176?
175
What is the remainder when 18606 is divided by 20?
6
Calculate the remainder when 12222 is divided by 230.
32
What is the remainder when 3039 is divided by 916?
291
Calculate the remainder when 17348 is divided by 17.
8
What is the remainder when 10821 is divided by 3604?
9
What is the remainder when 5790 is divided by 23?
17
Calculate the remainder when 429492 is divided by 19522.
8
Calculate the remainder when 10567 is divided by 127.
26
What is the remainder when 936 is divided by 875?
61
What is the remainder when 1365 is divided by 92?
77
What is the remainder when 177896 is divided by 298?
288
Calculate the remainder when 66314 is divided by 829.
823
What is the remainder when 687851 is divided by 675?
26
Calculate the remainder when 54091 is divided by 47.
41
Calculate the remainder when 7001 is divided by 536.
33
What is the remainder when 2983686 is divided by 908?
906
What is the remainder when 5231 is divided by 187?
182
What is the remainder when 208720 is divided by 104355?
10
Calculate the remainder when 18185 is divided by 16941.
1244
Calculate the remainder when 1235956 is divided by 424.
420
What is the remainder when 106046 is divided by 8837?
2
Calculate the remainder when 752 is divided by 458.
294
Calculate the remainder when 64627 is divided by 21535.
22
Calculate the remainder when 376223 is divided by 757.
751
What is the remainder when 454580 is divided by 26?
22
What is the remainder when 10237 is divided by 428?
393
What is the remainder when 1007405 is divided by 28?
21
Calculate the remainder when 1577 is divided by 88.
81
Calculate the remainder when 98109 is divided by 389.
81
Calculate the remainder when 370134 is divided by 37012.
14
Calculate the remainder when 3327198 is divided by 50.
48
What is the remainder when 196442 is divided by 24537?
146
What is the remainder when 9828 is divided by 617?
573
Calculate the remainder when 51379 is divided by 1427.
7
What is the remainder when 208161 is divided by 209?
206
Calculate the remainder when 14206 is divided by 85.
11
What is the remainder when 2101 is divided by 30?
1
What is the remainder when 330745 is divided by 63?
58
What is the remainder when 19128 is divided by 6339?
111
What is the remainder when 1179340 is divided by 8?
4
Calculate the remainder when 1016676 is divided by 181.
180
Calculate the remainder when 28287 is divided by 14136.
15
What is the remainder when 9244 is divided by 547?
492
Calculate the remainder when 1005 is divided by 320.
45
Calculate the remainder when 60674 is divided by 4043.
29
What is the remainder when 17915 is divided by 906?
701
Calculate the remainder when 1335 is divided by 584.
167
What is the remainder when 15204 is divided by 8?
4
What is the remainder when 113153 is divided by 2694?
5
What is the remainder when 7164 is divided by 128?
124
What is the remainder when 2795 is divided by 468?
455
What is the remainder when 88177 is divided by 14696?
1
What is the remainder when 6053 is divided by 69?
50
What is the remainder when 2903 is divided by 362?
7
What is the remainder when 11157 is divided by 87?
21
Calculate the remainder when 4638 is divided by 84.
18
Calculate the remainder when 15530 is divided by 310.
30
Calculate the remainder when 37001 is divided by 36952.
49
What is the remainder when 340649 is divided by 878?
863
What is the remainder when 62745 is divided by 137?
136
Calculate the remainder when 114538 is divided by 72.
58
What is the remainder when 55072 is divided by 6881?
24
What is the remainder when 5547 is divided by 2773?
1
What is the remainder when 66399 is divided by 10?
9
What is the remainder when 11945 is divided by 7?
3
Calculate the remainder when 49259 is divided by 3.
2
What is the remainder when 9898198 is divided by 1560?
1558
What is the remainder when 1978 is divided by 596?
190
Calculate the remainder when 69935 is divided by 2.
1
Calculate the remainder when 3649 is divided by 367.
346
Calculate the remainder when 27868 is divided by 672.
316
Calculate the remainder when 409370 is divided by 18.
14
Calculate the remainder when 236049 is divided by 21.
9
Calculate the remainder when 9303 is divided by 3080.
63
What is the remainder when 40459 is divided by 40450?
9
What is the remainder when 124686 is divided by 67?
66
Calculate the remainder when 183 is divided by 87.
9
What is the remai